[INFO] cloning repository https://github.com/georgemorgan/cubes
[INFO] running `Command { std: "git" "-c" "credential.helper=" "-c" "credential.helper=/workspace/cargo-home/bin/git-credential-null" "clone" "--bare" "https://github.com/georgemorgan/cubes" "/workspace/cache/git-repos/https%3A%2F%2Fgithub.com%2Fgeorgemorgan%2Fcubes", kill_on_drop: false }`
[INFO] [stderr] Cloning into bare repository '/workspace/cache/git-repos/https%3A%2F%2Fgithub.com%2Fgeorgemorgan%2Fcubes'...
[INFO] running `Command { std: "git" "rev-parse" "HEAD", kill_on_drop: false }`
[INFO] [stdout] abf7797292e2bd1b6c57fde56f2ed029e9a3852e
[INFO] building georgemorgan/cubes against master#881c1ac408d93bb7adaa3a51dabab9266e82eee8 for issue-85264
[INFO] running `Command { std: "git" "clone" "/workspace/cache/git-repos/https%3A%2F%2Fgithub.com%2Fgeorgemorgan%2Fcubes" "/workspace/builds/worker-12/source", kill_on_drop: false }`
[INFO] [stderr] Cloning into '/workspace/builds/worker-12/source'...
[INFO] [stderr] done.
[INFO] validating manifest of git repo https://github.com/georgemorgan/cubes on toolchain 881c1ac408d93bb7adaa3a51dabab9266e82eee8
[INFO] running `Command { std: "/workspace/cargo-home/bin/cargo" "+881c1ac408d93bb7adaa3a51dabab9266e82eee8" "metadata" "--manifest-path" "Cargo.toml" "--no-deps", kill_on_drop: false }`
[INFO] started tweaking git repo https://github.com/georgemorgan/cubes
[INFO] finished tweaking git repo https://github.com/georgemorgan/cubes
[INFO] tweaked toml for git repo https://github.com/georgemorgan/cubes written to /workspace/builds/worker-12/source/Cargo.toml
[INFO] crate git repo https://github.com/georgemorgan/cubes already has a lockfile, it will not be regenerated
[INFO] running `Command { std: "/workspace/cargo-home/bin/cargo" "+881c1ac408d93bb7adaa3a51dabab9266e82eee8" "fetch" "--manifest-path" "Cargo.toml", kill_on_drop: false }`
[INFO] [stderr]     Blocking waiting for file lock on package cache
[INFO] [stderr]  Downloading crates ...
[INFO] [stderr]   Downloaded wgpu-types v0.7.0
[INFO] [stderr]   Downloaded gpu-alloc v0.3.0
[INFO] [stderr]   Downloaded gfx-auxil v0.8.0
[INFO] [stderr]   Downloaded gfx-backend-empty v0.7.0
[INFO] [stderr]   Downloaded gfx-backend-metal v0.7.0
[INFO] [stderr]   Downloaded gfx-hal v0.7.0
[INFO] [stderr]   Downloaded gfx-backend-vulkan v0.7.0
[INFO] [stderr]   Downloaded wgpu-core v0.7.1
[INFO] [stderr]   Downloaded syn v1.0.65
[INFO] [stderr]   Downloaded naga v0.3.2
[INFO] [stderr]   Downloaded glow v0.7.2
[INFO] [stderr]   Downloaded gfx-backend-dx11 v0.7.0
[INFO] [stderr]   Downloaded shaderc v0.7.2
[INFO] [stderr]   Downloaded khronos-egl v3.0.2
[INFO] [stderr]   Downloaded gfx-backend-gl v0.7.1
[INFO] [stderr]   Downloaded metal v0.21.0
[INFO] [stderr]   Downloaded gfx-backend-dx12 v0.7.0
[INFO] [stderr]   Downloaded wgpu v0.7.1
[INFO] [stderr]   Downloaded cgmath v0.18.0
[INFO] [stderr]   Downloaded shaderc-sys v0.7.2
[INFO] running `Command { std: "docker" "create" "-v" "/var/lib/crater-agent-workspace/builds/worker-12/target:/opt/rustwide/target:rw,Z" "-v" "/var/lib/crater-agent-workspace/builds/worker-12/source:/opt/rustwide/workdir:ro,Z" "-v" "/var/lib/crater-agent-workspace/cargo-home:/opt/rustwide/cargo-home:ro,Z" "-v" "/var/lib/crater-agent-workspace/rustup-home:/opt/rustwide/rustup-home:ro,Z" "-e" "SOURCE_DIR=/opt/rustwide/workdir" "-e" "CARGO_TARGET_DIR=/opt/rustwide/target" "-e" "CARGO_HOME=/opt/rustwide/cargo-home" "-e" "RUSTUP_HOME=/opt/rustwide/rustup-home" "-w" "/opt/rustwide/workdir" "-m" "1610612736" "--user" "0:0" "--network" "none" "ghcr.io/rust-lang/crates-build-env/linux@sha256:20528e8c29e4536546f0102ce88568b16ea7538393a33fcca951030f7af10457" "/opt/rustwide/cargo-home/bin/cargo" "+881c1ac408d93bb7adaa3a51dabab9266e82eee8" "metadata" "--no-deps" "--format-version=1", kill_on_drop: false }`
[INFO] [stdout] 8ea97f706aae2a043739e1e8a74adaf2b4d5a4b801c229d6fd99007c598333bf
[INFO] [stderr] WARNING: Your kernel does not support swap limit capabilities or the cgroup is not mounted. Memory limited without swap.
[INFO] running `Command { std: "docker" "start" "-a" "8ea97f706aae2a043739e1e8a74adaf2b4d5a4b801c229d6fd99007c598333bf", kill_on_drop: false }`
[INFO] running `Command { std: "docker" "inspect" "8ea97f706aae2a043739e1e8a74adaf2b4d5a4b801c229d6fd99007c598333bf", kill_on_drop: false }`
[INFO] running `Command { std: "docker" "rm" "-f" "8ea97f706aae2a043739e1e8a74adaf2b4d5a4b801c229d6fd99007c598333bf", kill_on_drop: false }`
[INFO] [stdout] 8ea97f706aae2a043739e1e8a74adaf2b4d5a4b801c229d6fd99007c598333bf
[INFO] running `Command { std: "docker" "create" "-v" "/var/lib/crater-agent-workspace/builds/worker-12/target:/opt/rustwide/target:rw,Z" "-v" "/var/lib/crater-agent-workspace/builds/worker-12/source:/opt/rustwide/workdir:ro,Z" "-v" "/var/lib/crater-agent-workspace/cargo-home:/opt/rustwide/cargo-home:ro,Z" "-v" "/var/lib/crater-agent-workspace/rustup-home:/opt/rustwide/rustup-home:ro,Z" "-e" "SOURCE_DIR=/opt/rustwide/workdir" "-e" "CARGO_TARGET_DIR=/opt/rustwide/target" "-e" "CARGO_INCREMENTAL=0" "-e" "RUST_BACKTRACE=full" "-e" "RUSTFLAGS=--cap-lints=forbid" "-e" "CARGO_HOME=/opt/rustwide/cargo-home" "-e" "RUSTUP_HOME=/opt/rustwide/rustup-home" "-w" "/opt/rustwide/workdir" "-m" "1610612736" "--user" "0:0" "--network" "none" "ghcr.io/rust-lang/crates-build-env/linux@sha256:20528e8c29e4536546f0102ce88568b16ea7538393a33fcca951030f7af10457" "/opt/rustwide/cargo-home/bin/cargo" "+881c1ac408d93bb7adaa3a51dabab9266e82eee8" "build" "--frozen" "--message-format=json", kill_on_drop: false }`
[INFO] [stdout] f1180c802e9d663367f26b2eba911144da05975927a81dff7f9b0865c53d6d80
[INFO] [stderr] WARNING: Your kernel does not support swap limit capabilities or the cgroup is not mounted. Memory limited without swap.
[INFO] running `Command { std: "docker" "start" "-a" "f1180c802e9d663367f26b2eba911144da05975927a81dff7f9b0865c53d6d80", kill_on_drop: false }`
[INFO] [stderr]    Compiling libc v0.2.93
[INFO] [stderr]    Compiling syn v1.0.65
[INFO] [stderr]    Compiling xml-rs v0.8.3
[INFO] [stderr]    Compiling byteorder v1.4.3
[INFO] [stderr]    Compiling version_check v0.9.3
[INFO] [stderr]    Compiling khronos-egl v3.0.2
[INFO] [stderr]    Compiling proc-macro-nested v0.1.7
[INFO] [stderr]    Compiling scoped-tls v1.0.0
[INFO] [stderr]    Compiling ttf-parser v0.6.2
[INFO] [stderr]    Compiling futures-sink v0.3.14
[INFO] [stderr]    Compiling maybe-uninit v2.0.0
[INFO] [stderr]    Compiling cfg_aliases v0.1.1
[INFO] [stderr]    Compiling futures-core v0.3.14
[INFO] [stderr]    Compiling futures-io v0.3.14
[INFO] [stderr]    Compiling inplace_it v0.3.3
[INFO] [stderr]    Compiling glow v0.7.2
[INFO] [stderr]    Compiling xdg v2.2.0
[INFO] [stderr]    Compiling futures-task v0.3.14
[INFO] [stderr]    Compiling cgmath v0.18.0
[INFO] [stderr]    Compiling percent-encoding v2.1.0
[INFO] [stderr]    Compiling num-traits v0.2.14
[INFO] [stderr]    Compiling indexmap v1.6.2
[INFO] [stderr]    Compiling libloading v0.6.7
[INFO] [stderr]    Compiling libloading v0.7.0
[INFO] [stderr]    Compiling wayland-sys v0.28.5
[INFO] [stderr]    Compiling lock_api v0.4.3
[INFO] [stderr]    Compiling proc-macro-hack v0.5.19
[INFO] [stderr]    Compiling walkdir v2.3.2
[INFO] [stderr]    Compiling proc-macro2 v1.0.26
[INFO] [stderr]    Compiling log v0.4.14
[INFO] [stderr]    Compiling gpu-alloc-types v0.2.0
[INFO] [stderr]    Compiling gpu-descriptor-types v0.1.1
[INFO] [stderr]    Compiling wgpu-types v0.7.0
[INFO] [stderr]    Compiling wgpu-core v0.7.1
[INFO] [stderr]    Compiling futures-channel v0.3.14
[INFO] [stderr]    Compiling dlib v0.5.0
[INFO] [stderr]    Compiling ash v0.31.0
[INFO] [stderr]    Compiling dlib v0.4.2
[INFO] [stderr]    Compiling fxhash v0.2.1
[INFO] [stderr]    Compiling quote v1.0.9
[INFO] [stderr]    Compiling nom v6.1.2
[INFO] [stderr]    Compiling wayland-scanner v0.28.5
[INFO] [stderr]    Compiling petgraph v0.5.1
[INFO] [stderr]    Compiling spirv_headers v1.5.0
[INFO] [stderr]    Compiling approx v0.4.0
[INFO] [stderr]    Compiling owned_ttf_parser v0.6.0
[INFO] [stderr]    Compiling rusttype v0.9.2
[INFO] [stderr]    Compiling andrew v0.3.1
[INFO] [stderr]    Compiling wayland-client v0.28.5
[INFO] [stderr]    Compiling wayland-protocols v0.28.5
[INFO] [stderr]    Compiling xcursor v0.3.3
[INFO] [stderr]    Compiling jobserver v0.1.21
[INFO] [stderr]    Compiling raw-window-handle v0.3.3
[INFO] [stderr]    Compiling parking_lot_core v0.8.3
[INFO] [stderr]    Compiling nix v0.20.0
[INFO] [stderr]    Compiling nix v0.18.0
[INFO] [stderr]    Compiling iovec v0.1.4
[INFO] [stderr]    Compiling net2 v0.2.37
[INFO] [stderr]    Compiling memmap2 v0.1.0
[INFO] [stderr]    Compiling x11-dl v2.18.5
[INFO] [stderr]    Compiling cc v1.0.67
[INFO] [stderr]    Compiling parking_lot v0.11.1
[INFO] [stderr]    Compiling mio v0.6.23
[INFO] [stderr]    Compiling cmake v0.1.45
[INFO] [stderr]    Compiling mio-extras v2.0.6
[INFO] [stderr]    Compiling spirv_cross v0.23.1
[INFO] [stderr]    Compiling shaderc-sys v0.7.2
[INFO] [stderr] error: could not compile `ash`
[INFO] [stderr] 
[INFO] [stderr] Caused by:
[INFO] [stderr]   process didn't exit successfully: `rustc --crate-name ash --edition=2018 /opt/rustwide/cargo-home/registry/src/github.com-1ecc6299db9ec823/ash-0.31.0/src/lib.rs --error-format=json --json=diagnostic-rendered-ansi,artifacts --crate-type lib --emit=dep-info,metadata,link -C embed-bitcode=no -C debuginfo=2 --cfg 'feature="default"' --cfg 'feature="libloading"' -C metadata=6f57e2ca5e27127e -C extra-filename=-6f57e2ca5e27127e --out-dir /opt/rustwide/target/debug/deps -L dependency=/opt/rustwide/target/debug/deps --extern libloading=/opt/rustwide/target/debug/deps/liblibloading-aa39fb7da5eeda64.rmeta --cap-lints allow --cap-lints=forbid` (signal: 9, SIGKILL: kill)
[INFO] [stderr] warning: build failed, waiting for other jobs to finish...
[INFO] [stderr] The following warnings were emitted during compilation:
[INFO] [stderr] 
[INFO] [stderr] warning: src/wrapper.cpp:2: warning: ignoring #pragma warning  [-Wunknown-pragmas]
[INFO] [stderr] warning:     2 | #pragma warning(disable : 4996 4101)
[INFO] [stderr] warning:       | 
[INFO] [stderr] warning: c++: fatal error: Killed signal terminated program cc1plus
[INFO] [stderr] warning: compilation terminated.
[INFO] [stderr] warning: c++: fatal error: Killed signal terminated program cc1plus
[INFO] [stderr] warning: c++: fatal error: Killed signal terminated program cc1plus
[INFO] [stderr] warning: compilation terminated.
[INFO] [stderr] warning: compilation terminated.
[INFO] [stderr] warning: c++: fatal error: Killed signal terminated program cc1plus
[INFO] [stderr] warning: compilation terminated.
[INFO] [stderr] 
[INFO] [stderr] The following warnings were emitted during compilation:
[INFO] [stderr] 
[INFO] [stderr] warning: shaderc: searching for native shaderc libraries on system;  use '--features build-from-source' to force building from source code
[INFO] [stderr] warning: shaderc: cannot find native shaderc library on system; falling back to build from source
[INFO] [stderr] 
[INFO] [stderr] error: build failed
[INFO] running `Command { std: "docker" "inspect" "f1180c802e9d663367f26b2eba911144da05975927a81dff7f9b0865c53d6d80", kill_on_drop: false }`
[INFO] running `Command { std: "docker" "rm" "-f" "f1180c802e9d663367f26b2eba911144da05975927a81dff7f9b0865c53d6d80", kill_on_drop: false }`
[INFO] [stdout] f1180c802e9d663367f26b2eba911144da05975927a81dff7f9b0865c53d6d80
